. Determine v(7).
30
Let f(m) = -30*m. Determine f(-1).
30
Let y(x) = x**3 - 15*x**2 - 7*x + 108. Determine y(15).
3
Let k(x) = x**3 + 35*x**2 + 65*x - 29. Determine k(-33).
4
Let w(m) = m + 4. Determine w(2).
6
Let n(x) = -x**3 + 3*x**2 - 4*x + 3. Determine n(3).
-9
Let r(j) = -j**3 + 10*j**2 - 5*j - 44. Calculate r(9).
-8
Let o(r) = -35*r + 312. Determine o(9).
-3
Let r(d) = d**2 + 4*d - 107. Give r(-13).
10
Let d(f) = -5*f + 1. What is d(1)?
-4
Let p(y) = -27*y + 388. Determine p(14).
10
Let h(o) = 36*o + 8. Calculate h(1).
44
Let l(b) = -b**2 - 33*b - 166. What is l(-6)?
-4
Let n(p) = 3*p - 43. Determine n(15).
2
Let i(f) = 3*f + 33. Give i(-10).
3
Let u(i) = -i**3 + 8*i**2 + 7*i + 15. Give u(9).
-3
Let n(r) = 6*r - 53. Determine n(9).
1
Let k(f) = f**3 + 5*f**2 - 37*f - 18. What is k(-9)?
-9
Let z(k) = k**3 + 8*k**2 + 4*k - 14. Determine z(-6).
34
Let u(c) = -c - 3. Determine u(-4).
1
Let m(i) = -i**3 - 3*i**2 - 10*i + 5. Determine m(-5).
105
Let p(a) = a - 14. What is p(5)?
-9
Let c(t) = t**3 + 8*t**2 - 18*t - 172. Calculate c(-6).
8
Let j(u) = -u**2 - 15*u + 55. What is j(-18)?
1
Let m(q) = -7*q**3 + 3*q**2 + q. What is m(-2)?
66
Let f(q) = -2*q**3 + 2*q**2 + 3*q - 4. Give f(2).
-6
Let a(x) = -x - 51. What is a(-31)?
-20
Let m(c) = -12*c - 37. Calculate m(-4).
11
Let c(k) = -k**2 + 9*k + 6. Calculate c(-2).
-16
Let x(s) = s**3 - 8*s**2 + 6*s + 1. Give x(7).
-6
Let c(l) = 2*l + 13. Calculate c(-7).
-1
Let q(u) = u**3 - 2*u**2 - 3. What is q(3)?
6
Let h(v) = v**3 + v**2 - v - 1. Give h(-2).
-3
Let t(y) = y**3 + 15*y**2 + 15*y - 19. Calculate t(-14).
-33
Let p(i) = 3*i**2 - 6*i - 4. Calculate p(7).
101
Let n(t) = -t**3 - 9*t**2 - 5*t + 71. What is n(-5)?
-4
Let k(y) = 5*y + 104. Determine k(-21).
-1
Let j(c) = c**2 - 10*c + 5. Give j(8).
-11
Let q(p) = 4*p - 5. Give q(3).
7
Let a(m) = m**3 - 5*m**2 - 37*m + 9. Determine a(9).
0
Let r(a) = -57*a + 2. Give r(1).
-55
Let n(s) = -s**3 + s**2 + 2*s + 17. Calculate n(0).
17
Let n(r) = 4*r - 17. Determine n(11).
27
Let p(q) = q**3 + 9*q**2 + 2*q + 3. Calculate p(-9).
-15
Let k(i) = i**2 - 11*i + 2. Calculate k(9).
-16
Let g(t) = 2*t**2 + 3*t. What is g(-2)?
2
Let a(p) = 7*p - 134. What is a(25)?
41
Let d(n) = -5*n - 55. What is d(-15)?
20
Let m(y) = y**2 - 3*y - 6. Determine m(5).
4
Let m(x) = -10*x**3 - 3*x + 2. Determine m(1).
-11
Let y(v) = 7*v - 65. Calculate y(8).
-9
Let c(z) = z**3 - 9*z**2 + 13*z - 10. Give c(8).
30
Let i(b) = -b**2 - 29*b - 118. What is i(-24)?
2
Let j(d) = 16*d. Determine j(-11).
-176
Let d(t) = t**3 + 8*t**2 - t - 40. What is d(-3)?
8
Let m(l) = l**2 + 5*l + 4. What is m(-5)?
4
Let t(u) = u**2 - u - 10. Give t(7).
32
Let i(u) = -u**2 - 4*u - 15. Determine i(-7).
-36
Let f(y) = 26*y**3 - y**2 - y + 2. What is f(1)?
26
Let x(m) = m**2 + 18*m + 5. Determine x(-15).
-40
Let p(o) = -o**2 + 7*o - 10. Give p(8).
-18
Let f(v) = -22*v + 206. Determine f(10).
-14
Let j(t) = 3*t**2 - 5. Calculate j(-3).
22
Let g(z) = -2*z**2 - 5*z + 38. What is g(-7)?
-25
Let p(r) = 15*r - 13. Calculate p(4).
47
Let z(r) = -4*r + 7. Determine z(5).
-13
Let h(w) = -3*w - 7. Determine h(5).
-22
Let o(g) = 11*g**2 + g + 1. Calculate o(1).
13
Let x(z) = -28*z + 106. Give x(8).
-118
Let s(j) = 41*j + 141. Determine s(-4).
-23
Let y(x) = 4*x - 23. Determine y(10).
17
Let c(b) = -4*b**3 + b + 1. Determine c(-2).
31
Let s(n) = -n**2 + 14. What is s(-4)?
-2
Let j(r) = 16*r**2 + 3*r - 6. Calculate j(-2).
52
Let y(c) = -26*c**2 - 366*c - 27. Give y(-14).
1
Let a(b) = b**3 - 5*b**2 - 2*b - 23. Determine a(5).
-33
Let a(k) = -7*k + 139. Determine a(30).
-71
Let g(u) = -3*u + 1. Determine g(-1).
4
Let v(b) = -46*b + 172. Determine v(4).
-12
Let j(x) = -x**3 + 11*x**2 - 3*x + 31. What is j(11)?
-2
Let c(f) = f**2 + 8*f - 67. Calculate c(-12).
-19
Let k(b) = -b**2 + 2*b + 3. Calculate k(-2).
-5
Let w(z) = -3*z + 3. Give w(9).
-24
Let k(u) = 2*u**2 + 7*u - 6. Give k(-4).
-2
Let d(r) = r**3 + 2*r**2 - r + 10. Calculate d(-4).
-18
Let v(p) = p - 23. Calculate v(9).
-14
Let b(o) = 24*o - 422. Determine b(17).
-14
Let k(j) = 25*j + 170. Give k(-6).
20
Let v(o) = o**2 + 22. Determine v(0).
22
Let x(v) = -8*v - 3. Determine x(-7).
53
Let d(m) = -2*m**2 + 4*m - 4. Calculate d(3).
-10
Let b(u) = u**3 - 12*u**2 - 13*u + 4. Determine b(13).
4
Let k(w) = -w - 11. What is k(0)?
-11
Let p(d) = -5*d + 8. Determine p(2).
-2
Let m(b) = b**3 - 6*b**2 - 1. What is m(6)?
-1
Let x(d) = -d**2 + 3*d + 29. What is x(-6)?
-25
Let d(m) = -m + 12. Calculate d(6).
6
Let y(j) = -9*j**2 - 253*j - 27. Calculate y(-28).
1
Let v(h) = 19*h**3 - 3*h**2 - 2*h. Calculate v(-1).
-20
Let s(x) = -3*x**2 + 8*x + 11. Give s(7).
-80
Let i(z) = z**3 + 9*z**2 - 5. Determine i(-9).
-5
Let z(f) = -3*f**3 - 63*f**2 + 62*f + 2. Calculate z(1).
-2
Let m(t) = t**3 + t**2 - 5*t - 3. Calculate m(-3).
-6
Let v(q) = q**3 + 13*q**2 + 12*q - 9. What is v(-12)?
-9
Let s(h) = -h**2 + 11*h - 5. Determine s(11).
-5
Let c(x) = -2*x**3 - 10*x**2 - 20*x - 2. Give c(-2).
14
Let l(u) = -7*u**3 - 2*u**2 - 4. Give l(-2).
44
Let u(q) = q**3 + 4*q - 6. What is u(2)?
10
Let m(f) = f - 4. Give m(1).
-3
Let s(m) = m + 28. Calculate s(-3).
25
Let x(m) = m + 27. What is x(-5)?
22
Let a(q) = q**2 + 54*q - 55. Give a(1).
0
Let g(q) = -q**3 - 4*q**2 - 4*q + 1. What is g(-3)?
4
Let z(j) = j**2 + 17*j - 66. Give z(-20).
-6
Let j(p) = 2*p - 23. Determine j(12).
1
Let u(w) = 2*w + 8. Give u(7).
22
Let u(m) = 2*m**2 + 39*m + 37. Determine u(-18).
-17
Let a(t) = -t**3 - 7*t**2 - t - 9. Calculate a(-7).
-2
Let m(d) = -32*d - 8. Calculate m(-2).
56
Let s(v) = v**2 - 13*v + 4. Give s(8).
-36
Let t(d) = -d**3 + 17*d**2 + 15*d + 44. Calculate t(18).
-10
Let g(w) = w**3 - 5*w**2 + 11*w - 2. What is g(5)?
53
Let z(i) = -i**2 + 13*i - 5. Determine z(13).
-5
Let p(l) = -6*l**3 + l**2 - 2*l - 3. Determine p(-1).
6
Let q(b) = -b**2 - 16*b - 66. Give q(-6).
-6
Let i(w) = w**2 + 2*w + 4. Give i(-2).
4
Let p(k) = -5*k - 2. Give p(-5).
23
Let d(g) = -28*g - 23. Determine d(-4).
89
Let h(f) = f**3 - 34*f**2 + 31*f + 59. Calculate h(33).
-7
Let n(q) = q**3 + 33*q**2 + 31*q - 14. Give n(-32).
18
Let k(p) = p**3 - 13*p**2 + 12*p + 5. Give k(12).
5
Let o(t) = -13*t - 128. Calculate o(-8).
-24
Let q(k) = -k**3 - 10*k**2 + 13*k + 2. What is q(-11)?
-20
Let m(x) = -4*x**3 - 3*x**2 - 2*x + 9. Determine m(2).
-39
Let v(k) = k**3 - 10*k**2 + 14*k + 6. What is v(8)?
-10
Let g(i) = i**2 - i - 5. Calculate g(3).
1
Let k(d) = d**3 + 7*d**2 + 4*d - 3. Determine k(-5).
27
Let m(h) = 2*h**3 + 3*h**2 - 5*h + 4. What is m(2)?
22
Let b(m) = -m**3 + 3*m**2 + 3*m - 8. Calculate b(4).
-12
Let g(l) = -l**3 - 11*l**2 - l - 14. Determine g(-11).
-3
Let i(v) = -v**3 + 18*v**2 + 30*v - 215. What is i(19)?
-6
Let m(d) = -d**3 - d**2 + 15*d - 5. Give m(-5).
20
Let r(m) = -m**3 - 7*m**2 + 2*m + 4. What is r(-7)?
-10
Let o(x) = x**2 - 19*x - 85. Determine o(23).
7
Let f(r) = -r**2 + 2*r + 25. What is f(11)?
-74
Let j(f) = f**2 - f - 33. Calculate j(8).
23
Let n(r) = -r**3 - r**2 + 10*r - 15. Calculate n(2).
-7
Let v(g) = -g**2 - 5*g - 16. What is v(-3)?
-10
Let q(w) = w**3 - 14*w**2 - 16*w + 3. Calculate q(15).
-12
Let m(u) = u**2 - 9*u + 10. Calculate m(6).
-8
Let o(v) = -3*v**2 - 62*v - 43. Give o(-20).
-3
Let i(q) = q**3 + 3*q**2 - 3*q - 4. Calculate i(2).
10
Let h(z) = -z - 5. Determine h(7).
-12
Let u(r) = 12*r**2 + 3*r - 3. What is u(1)?
12
Let w(a) = -a**3 + 11*a**2 + 2*a + 2. Determine w(11).
24
Let s(j) = 12*j - 203. Calculate s(16).
-11
Let d(g) = 4*g**3 - g**2 - g + 1. What is d(1)?
3
Let s(w) = -7*w. Calculate s(1).
-7
Let f(y) = y**2 - 13*y + 7. Calculate f(13).
7
Let g(x) = 15*x + 222. Give g(-15).
-3
Let y(a) = -a**2 - 22*a - 104. What is y(-15)?
1
Let d(a) = -2*a + 36. Determine d(20).
-4
Let k(t) = t**3 - 21*t**2 + 18*t - 25. Give k(20).
-65
Let d(x) = -13*x - 37. Give d(-3).
2
Let v(s) = 13*s - 2. What is v(1)?
11
Let a(r) = -6*r - 7. Give a(-3).
11
Let s(m) = 2*m + 49. Calculate s(-25).
-1
Let t(z) = -z**2 - 14*z - 26. What is t(-12)?
-2
Let n(l) = -l**3 - 20*l**2 + 6*l + 475. Determine n(-19).
0
Let p(u) = -u**3 + 9*u**2 - 24*u + 25. Give p(4).
9
Let k(f) = f - 9. Determine k(24).
15
Let m(i) = -i**3 - i**2 - 2*i + 2. Give m(1).
-2
Let y(s) = s**2 - 126*s. Give y(0).
0
Let j(h) = -2*h**3 + 64*h**2 - 2*h + 68. What is 